 digit of d?
2
Let v(a) be the first derivative of -a**3/3 + 25*a**2/2 - 32*a + 11. What is the tens digit of v(18)?
9
What is the hundreds digit of 1*4/(8/2646)?
3
Let w be 1/(-2) + 25/(-2). Let g(q) be the first derivative of -q**2/2 + 15*q + 852. What is the tens digit of g(w)?
2
Let u(t) be the third derivative of 13*t**5/30 + t**4/24 - t**3/6 - 151*t**2. Let j be (0 - 2)*(-2)/4. What is the tens digit of u(j)?
2
Let n(l) = -l**2 + 6. Let q(h) be the third derivative of h**5/30 - h**4/24 - 11*h**3/6 + h**2. Let c(t) = 7*n(t) + 4*q(t). What is the tens digit of c(-3)?
1
Let x(u) = -5*u + 6*u**3 - 13 - 15 + 37. What is the tens digit of x(3)?
5
Let t = -19 + 19. Suppose t = -f - 5*k + 42, f - 5*k - 79 = 3. What is the tens digit of f?
6
Let b = 15 + -13. Suppose 3*v = -y, -b*v + 1 = 11. What is the tens digit of y?
1
Let v(q) = 19*q**2 + 20*q**2 + 6 - 17*q**2 - 5*q. What is the tens digit of v(3)?
8
Suppose 5*a - 56 = -5*w - 11, -4*a - 2*w = -40. What is the tens digit of (17 - a)/((-4)/(-38))?
5
Let s = -11 - -14. Let r be 12 - 9 - (0 - s). Let k = 7 - r. What is the units digit of k?
1
Suppose -4*v - 2*c - 26 = 0, -4*c + 1 = -5*v - 25. Let s be v/(-9) - (-572)/6. Let t = 135 - s. What is the units digit of t?
9
Let i(r) = 10*r - 5. Let g(k) = -k**2 + 4*k + 11. Let w be g(0). What is the hundreds digit of i(w)?
1
Let z be 4/1 + (-7)/7. Suppose 394 - 91 = z*s. What is the hundreds digit of s?
1
Suppose 5*n - 1794 = 796. What is the units digit of n?
8
What is the hundreds digit of ((-1608)/40)/((-2)/(5*4))?
4
Let o be 10/35 - 570/(-14). Suppose 4*c - 3 = o. Suppose -9*d = -c*d + 70. What is the units digit of d?
5
Let i(n) = -n**2 - 12*n - 14. Let b be i(-11). Let p(y) = y**2 - 3*y - 2. Let l be p(-4). Let r = b + l. What is the tens digit of r?
2
Suppose d = -4*d + t + 236, 0 = -2*d + t + 95. What is the tens digit of d?
4
Let p(a) = -a**2 + 7*a - 14. Let w be p(6). Let v(o) = 3*o**2 + 11*o - 7. What is the units digit of v(w)?
7
Let v(i) = -i**2 - 9*i + 13. Let b be v(-9). Suppose 5*y + 19 = -26. Let g = b + y. What is the units digit of g?
4
Let p = -11 + 13. Suppose -p*c - 7 = -5*t, -2*t + c = -4 + 1. What is the units digit of t?
1
Let v be (-4)/(-1)*(4 - 3). Suppose -v*h - 150 = -h. What is the units digit of h/(-3) + 14/(-21)?
6
Suppose -3*k + 15 = -2*n, 4 + 11 = 3*k - n. Suppose k*p - 69 = -3*b, -p - 3 + 24 = b. What is the tens digit of b?
1
Suppose -31*l - 30 = -32*l. Let j = l - 19. What is the units digit of j?
1
Suppose 4*s = y - 7, 5*s - 3 = -2*y - 2. Suppose 3*r - 4*m = 148, -y*m + 0 = -6. What is the units digit of r?
2
Suppose 2*t - 857 = 721. What is the units digit of t?
9
Let d(h) = 16*h. Let s be (36/30)/(1/(-40)). Let c be (-2)/3 + (-80)/s. What is the tens digit of d(c)?
1
Let v(j) = j**3 - 6*j**2 - 4*j - 5. Let w be v(7). Let q = w - 14. Suppose 108 = 2*i + q*i. What is the units digit of i?
7
Suppose -2348 = 17*d - 21*d. What is the hundreds digit of d?
5
Suppose 35 = -4*t + 4*v + 151, 30 = 2*t + 5*v. Let q = -28 + t. What is the units digit of ((-2)/q)/(3/234)?
2
Suppose 256*b - 8302 = 249*b. What is the hundreds digit of b?
1
Suppose 5*s = 0, -5*q - 19*s + 20*s = -21610. What is the hundreds digit of q?
3
Suppose -670 = -4*b - 2*a, -2*b + 220 = 2*a - 116. What is the units digit of b?
7
Suppose 759 - 5624 = -7*d. What is the hundreds digit of d?
6
Suppose -2*d + 335 = -13. Suppose 71 = 5*b - d. What is the units digit of b?
9
Let h = 80 - 41. Suppose 4*b - h = 21. What is the units digit of b?
5
Let o = -756 + 1238. What is the hundreds digit of o?
4
Suppose 20*w - 31581 = 44779. What is the units digit of w?
8
What is the tens digit of (-4)/10 - 78966/(-90)?
7
Let z(f) = f + 1. Let m(u) = -6*u**2 + 3*u - 1. Let j(w) = m(w) + 2*z(w). Let g(r) be the first derivative of j(r). What is the units digit of g(-3)?
1
What is the hundreds digit of (-207)/(-3)*(-136)/(-24)?
3
Let l = -1055 - -1620. What is the tens digit of l?
6
Suppose 4 = 11*c - 15*c. Let h be (4/8)/(c/(-200)). Suppose -2*z - a + 41 = -0*a, h = 5*z + 2*a. What is the tens digit of z?
1
What is the hundreds digit of 4/(9 + -1)*1216?
6
Suppose 0 = -10*g + 5*g - 2*u + 5424, 3*u + 9 = 0. What is the thousands digit of g?
1
Let c(r) = -r**3 - 10*r**2 - 8*r + 9. Let y be c(-9). Let s(a) = -2*a**2 + 2*a + 1. What is the units digit of s(y)?
1
Let g = -4 + 3. Let t = g + 4. What is the units digit of (-3 + 0)*(-22)/t?
2
Suppose 4*p = -2*h + 20, 2 - 1 = h - p. Suppose -5*s - 2*y + 28 = 8, 3*s + h*y - 12 = 0. Suppose s*z - 140 - 36 = 0. What is the units digit of z?
4
Let v = 5 - 7. Let j be 2/((-1)/v*4). Let n = j + 3. What is the units digit of n?
4
Let k = 547 - 492. Suppose -3 = -2*q + 1. Suppose -k = -q*p - 9. What is the units digit of p?
3
Suppose -4*p - 59*i + 1998 = -61*i, -3*p - 4*i = -1526. What is the tens digit of p?
0
Suppose 0 = -5*y - 238 + 803. Suppose 0 = 4*f, 5*b + 4*f + 23 = y. What is the tens digit of b?
1
Suppose 0 = -3*p + 2*u + 9236, -5*p - 3*u = 2*u - 15360. What is the units digit of p?
6
Suppose 0 = 4*k - 16, -5842 = 30*h - 35*h - 3*k. What is the tens digit of h?
6
Suppose 0 = -12*f - 15*f + 36288. What is the units digit of f?
4
What is the thousands digit of 1 + (-16)/20 - (-69471)/45?
1
Let p = -365 - -504. What is the hundreds digit of p?
1
Let m(f) be the third derivative of f**5/20 - 7*f**4/24 - f**3/2 - f**2. What is the tens digit of m(-5)?
0
Suppose b + 74 = 3*t - 3*b, -3*t = -5*b - 73. Suppose -t*r + 54 = -24*r. What is the tens digit of r?
2
Let s(a) = 3*a**2 + 5*a + 9. What is the units digit of s(-15)?
9
Suppose -19*j + 92 = -2074. What is the tens digit of j?
1
Suppose u = -2*p - 5 - 2, -p - 11 = -2*u. Suppose -v + 6*a - 9*a + 183 = 0, -u*v + 494 = -2*a. What is the units digit of v?
8
Suppose -z - 8 = -2*z. Let g be (-338)/(-16) + (1 - (-27)/(-24)). Suppose f + z - g = 0. What is the units digit of f?
3
Suppose 5*g - 4*o - 8896 = 0, -4*o + 20 = -9*o. What is the hundreds digit of g?
7
Suppose -3*w = -y + 12, -11 = 4*y - 5*w - 52. What is the tens digit of (-3)/y + 1792/12?
4
Suppose -60 = 22*u - 32*u. Suppose u*j + 166 - 592 = 0. What is the units digit of j?
1
Let v(n) = 3*n**2 + 7*n - 18. What is the tens digit of v(-7)?
8
Suppose -2*z - 174 = 50. Let h = z + 223. Suppose -4*p = -25 - h. What is the tens digit of p?
3
Suppose 252 = 44*g - 38*g. What is the units digit of g?
2
Let p = 17 - 9. Let y be 40/24 + (-4)/6. Let w = p + y. What is the units digit of w?
9
What is the tens digit of 216 - (8/12 + (-65)/(-15))?
1
Let j(d) = 14*d**3 + d - 1. Suppose -4*u + 66 = -2*b, 0 = -u - 0*b - b + 15. Suppose -4*x + 0*x + 4*a = u, -x + 11 = 2*a. What is the units digit of j(x)?
4
What is the units digit of -5 - (63 + -1)/(-2)?
6
Let n be 4/(-18) - (-290)/90. Suppose -5*v + n*d + 22 = 0, -3*v = -2*v - 4*d - 1. Suppose 8 = v*a - 72. What is the units digit of a?
6
Suppose 0 = 32*z + 14*z - 31050. What is the units digit of z?
5
Let v = -72 - -77. Suppose -532 = -7*d + 3*d + c, 3*d = -v*c + 376. What is the units digit of d?
2
Suppose 2*f - 9 = -f. Suppose f*k = -4*r + 197, 2*r = 4*r - 3*k - 85. What is the tens digit of r?
4
Let q(l) = -28 + 59 - 32 - 54*l - 14*l. What is the tens digit of q(-1)?
6
Suppose 4*s - 2*n - 4 = -0*n, s = -n - 2. Suppose 5*k - 4 = -p + 5, -4*p - 2*k = s. Let r = 20 - p. What is the tens digit of r?
2
Let o be (2 + 0)*5/2. What is the units digit of (2/6)/(o/(400 - -5))?
7
Let t(n) = 2*n**2 - 3*n + 5. Let k be t(-6). Let g = k - -26. What is the units digit of g?
1
Let n be 1/(-2)*6*(5 + -6). Suppose 3*x + 293 = 4*a, -4*a - n*x + 133 = -2*a. What is the tens digit of a?
7
Let m be (-4)/(-12) - 42/(-9). What is the hundreds digit of -146*(-4 + m/2)*1?
2
Let o be (-5)/(-7 + -3)*0. Let r = 37 + -9. Suppose r = -3*m + p + 127, o = 4*m + 3*p - 145. What is the tens digit of m?
3
Suppose -2*o + 126 = o. Suppose -2*x = -3*c - o, 2*x - 14 = 4*c + 32. Suppose -5*h = -b - 229, b - x = -3*h + 116. What is the tens digit of h?
4
What is the units digit of 2873/4 + (-11)/44?
8
Suppose -3*r + 3*a = -180 - 423, 3*a = -5*r + 1005. Let l = r + -104. What is the units digit of l?
7
Let j = 8 - 10. Let g be -2 - (-24)/j - 3. Let x = -8 - g. What is the units digit of x?
9
Let c = 135 - 65. What is the tens digit of c?
